{"id":181,"date":"2019-12-26T16:10:22","date_gmt":"2019-12-26T19:10:22","guid":{"rendered":"https:\/\/fundicaometalurgicafenix.com.br\/?page_id=181"},"modified":"2019-12-26T17:00:52","modified_gmt":"2019-12-26T20:00:52","slug":"sistema-de-moldacao-nobake-resina-cura-a-frio","status":"publish","type":"page","link":"https:\/\/fundicaometalurgicafenix.com.br\/?page_id=181","title":{"rendered":"Sistema de molda\u00e7\u00e3o"},"content":{"rendered":"<p>[vc_row][vc_column]\r\n\r\n\r\n    <h2 id=\"hd-6a01fee327200\" class=\"li-heading  center fw-bold         vc_custom_1577390441868\" style=\"color: #dd8500;\" >\r\n        Sistema de molda\u00e7\u00e3o        <small style=\"color: #1e73be;\" class=\"fw-light\">\u201cnobrake\u201d- resina cura a frio<\/small>    <\/h2>\r\n\r\n\r\n\r\n    [\/vc_column][\/vc_row][vc_row][vc_column width=&#8221;1\/4&#8243;][vc_images_carousel images=&#8221;185,129&#8243; img_size=&#8221;medium&#8221; speed=&#8221;3000&#8243; autoplay=&#8221;yes&#8221; hide_pagination_control=&#8221;yes&#8221; hide_prev_next_buttons=&#8221;yes&#8221; wrap=&#8221;yes&#8221;][\/vc_column][vc_column width=&#8221;3\/4&#8243;]\r\n\r\n    <div id=\"tb-6a01fee327282\" class=\"li-textblock         \"  >\r\n        <h3 style=\"text-align: justify;\">Capacidade: at\u00e9 50 moldes e machos \/ hora<\/h3>\n<h3 style=\"text-align: justify;\">Sistema de recupera\u00e7\u00e3o e transporte de areia alimentando um misturador cont\u00ednuo com capacidade para produzir 6 ton \/ hora de areia misturada.<\/h3>\n<h3 style=\"text-align: justify;\">Nosso processo de molda\u00e7\u00e3o est\u00e1 capacitado a produzir moldes para pe\u00e7as de fra\u00e7\u00f5es de quilos at\u00e9 pe\u00e7as de 5.000 kg unit\u00e1rio.<\/h3>\n    <\/div>\r\n\r\n\r\n     [\/vc_column][\/vc_row]<\/p>\n","protected":false},"excerpt":{"rendered":"<p>[vc_row][vc_column][\/vc_column][\/vc_row][vc_row][vc_column width=&#8221;1\/4&#8243;][vc_images_carousel images=&#8221;185,129&#8243; img_size=&#8221;medium&#8221; speed=&#8221;3000&#8243; autoplay=&#8221;yes&#8221; hide_pagination_control=&#8221;yes&#8221; hide_prev_next_buttons=&#8221;yes&#8221; wrap=&#8221;yes&#8221;][\/vc_column][vc_column width=&#8221;3\/4&#8243;][\/vc_column][\/vc_row]<\/p>\n","protected":false},"author":1,"featured_media":0,"parent":0,"menu_order":0,"comment_status":"closed","ping_status":"closed","template":"","meta":{"footnotes":""},"class_list":["post-181","page","type-page","status-publish","hentry"],"_links":{"self":[{"href":"https:\/\/fundicaometalurgicafenix.com.br\/index.php?rest_route=\/wp\/v2\/pages\/181","targetHints":{"allow":["GET"]}}],"collection":[{"href":"https:\/\/fundicaometalurgicafenix.com.br\/index.php?rest_route=\/wp\/v2\/pages"}],"about":[{"href":"https:\/\/fundicaometalurgicafenix.com.br\/index.php?rest_route=\/wp\/v2\/types\/page"}],"author":[{"embeddable":true,"href":"https:\/\/fundicaometalurgicafenix.com.br\/index.php?rest_route=\/wp\/v2\/users\/1"}],"replies":[{"embeddable":true,"href":"https:\/\/fundicaometalurgicafenix.com.br\/index.php?rest_route=%2Fwp%2Fv2%2Fcomments&post=181"}],"version-history":[{"count":10,"href":"https:\/\/fundicaometalurgicafenix.com.br\/index.php?rest_route=\/wp\/v2\/pages\/181\/revisions"}],"predecessor-version":[{"id":206,"href":"https:\/\/fundicaometalurgicafenix.com.br\/index.php?rest_route=\/wp\/v2\/pages\/181\/revisions\/206"}],"wp:attachment":[{"href":"https:\/\/fundicaometalurgicafenix.com.br\/index.php?rest_route=%2Fwp%2Fv2%2Fmedia&parent=181"}],"curies":[{"name":"wp","href":"https:\/\/api.w.org\/{rel}","templated":true}]}}