{"id":207,"date":"2019-12-26T17:03:46","date_gmt":"2019-12-26T20:03:46","guid":{"rendered":"https:\/\/fundicaometalurgicafenix.com.br\/?page_id=207"},"modified":"2019-12-26T17:07:11","modified_gmt":"2019-12-26T20:07:11","slug":"espectrometro","status":"publish","type":"page","link":"https:\/\/fundicaometalurgicafenix.com.br\/?page_id=207","title":{"rendered":"Espectr\u00f4metro"},"content":{"rendered":"<p>[vc_row][vc_column]\r\n\r\n\r\n    <h2 id=\"hd-6a01ff1b92a6b\" class=\"li-heading  center fw-bold         vc_custom_1577390675263\" style=\"color: #dd8500;\" >\r\n        Espectr\u00f4metro        <small style=\"color: #1e73be;\" class=\"fw-light\">Espectr\u00f4metro para an\u00e1lise de composi\u00e7\u00e3o qu\u00edmica<\/small>    <\/h2>\r\n\r\n\r\n\r\n    [\/vc_column][\/vc_row][vc_row][vc_column width=&#8221;2\/3&#8243;]\r\n\r\n    <div id=\"tb-6a01ff1b92ad3\" class=\"li-textblock         \"  >\r\n        <h3 style=\"text-align: justify;\">Equipamento preciso, r\u00e1pido e vers\u00e1til para analises qu\u00edmicas preliminaresdo metal para ajustes e corre\u00e7\u00f5es para obten\u00e7\u00e3o da liga final exigida.Este equipamento facilita acertos de faixas estreitas de composi\u00e7\u00e3o qu\u00edmica para garantir propriedades mec\u00e2nciasexiginadas dos produtos fundidos.<\/h3>\n<h3 style=\"text-align: justify;\">Nosso equipamento est\u00e1 equipado para analisar diversos tipos de ligas ferrosas, como:<\/h3>\n<ul>\n<li>\n<h3>ferro fundido: cinzento, nodular e branco;<\/h3>\n<\/li>\n<li>\n<h3>a\u00e7os baixaliga e ligados;<\/h3>\n<\/li>\n<li>\n<h3>a\u00e7os inoxid\u00e1veis.<\/h3>\n<\/li>\n<\/ul>\n    <\/div>\r\n\r\n\r\n     [\/vc_column][vc_column width=&#8221;1\/3&#8243;]\r\n\r\n    <div id=\"img-6a01ff1b92b97\" class=\"li-image           vc_custom_1577390826843\" >\r\n\r\n        \r\n            \r\n                <img loading=\"lazy\" decoding=\"async\" width=\"1220\" height=\"1954\" src=\"https:\/\/fundicaometalurgicafenix.com.br\/wp-content\/uploads\/2019\/12\/014.png\" class=\"img-responsive\" alt=\"\" srcset=\"https:\/\/fundicaometalurgicafenix.com.br\/wp-content\/uploads\/2019\/12\/014.png 1220w, https:\/\/fundicaometalurgicafenix.com.br\/wp-content\/uploads\/2019\/12\/014-187x300.png 187w, https:\/\/fundicaometalurgicafenix.com.br\/wp-content\/uploads\/2019\/12\/014-639x1024.png 639w, https:\/\/fundicaometalurgicafenix.com.br\/wp-content\/uploads\/2019\/12\/014-768x1230.png 768w, https:\/\/fundicaometalurgicafenix.com.br\/wp-content\/uploads\/2019\/12\/014-959x1536.png 959w\" sizes=\"auto, (max-width: 1220px) 100vw, 1220px\" \/>\r\n            \r\n        \r\n    <\/div>\r\n\r\n     [\/vc_column][\/vc_row]<\/p>\n","protected":false},"excerpt":{"rendered":"<p>[vc_row][vc_column][\/vc_column][\/vc_row][vc_row][vc_column width=&#8221;2\/3&#8243;][\/vc_column][vc_column width=&#8221;1\/3&#8243;][\/vc_column][\/vc_row]<\/p>\n","protected":false},"author":1,"featured_media":0,"parent":0,"menu_order":0,"comment_status":"closed","ping_status":"closed","template":"","meta":{"footnotes":""},"class_list":["post-207","page","type-page","status-publish","hentry"],"_links":{"self":[{"href":"https:\/\/fundicaometalurgicafenix.com.br\/index.php?rest_route=\/wp\/v2\/pages\/207","targetHints":{"allow":["GET"]}}],"collection":[{"href":"https:\/\/fundicaometalurgicafenix.com.br\/index.php?rest_route=\/wp\/v2\/pages"}],"about":[{"href":"https:\/\/fundicaometalurgicafenix.com.br\/index.php?rest_route=\/wp\/v2\/types\/page"}],"author":[{"embeddable":true,"href":"https:\/\/fundicaometalurgicafenix.com.br\/index.php?rest_route=\/wp\/v2\/users\/1"}],"replies":[{"embeddable":true,"href":"https:\/\/fundicaometalurgicafenix.com.br\/index.php?rest_route=%2Fwp%2Fv2%2Fcomments&post=207"}],"version-history":[{"count":2,"href":"https:\/\/fundicaometalurgicafenix.com.br\/index.php?rest_route=\/wp\/v2\/pages\/207\/revisions"}],"predecessor-version":[{"id":209,"href":"https:\/\/fundicaometalurgicafenix.com.br\/index.php?rest_route=\/wp\/v2\/pages\/207\/revisions\/209"}],"wp:attachment":[{"href":"https:\/\/fundicaometalurgicafenix.com.br\/index.php?rest_route=%2Fwp%2Fv2%2Fmedia&parent=207"}],"curies":[{"name":"wp","href":"https:\/\/api.w.org\/{rel}","templated":true}]}}