{"id":228,"date":"2020-01-15T13:40:20","date_gmt":"2020-01-15T16:40:20","guid":{"rendered":"https:\/\/fundicaometalurgicafenix.com.br\/?page_id=228"},"modified":"2020-01-15T15:07:08","modified_gmt":"2020-01-15T18:07:08","slug":"trabalhe-conosco","status":"publish","type":"page","link":"https:\/\/fundicaometalurgicafenix.com.br\/?page_id=228","title":{"rendered":"Trabalhe conosco"},"content":{"rendered":"<p>[vc_row][vc_column]\r\n\r\n\r\n    <h2 id=\"hd-6a01ff0ae5ec7\" class=\"li-heading  left fw-bold        \" style=\"color: #dd8500;\" >\r\n        Trabalhe conosco            <\/h2>\r\n\r\n\r\n\r\n    [\/vc_column][\/vc_row][vc_row][vc_column]\r\n\r\n    <div id=\"tb-6a01ff0ae5f2e\" class=\"li-textblock         \"  >\r\n        <p style=\"text-align: Justify;\">A METAL\u00daRGICA F\u00caNIX, empresa de fundi\u00e7\u00e3o, localizada em Prudente de Morais, contrata representantes comercial para diversas regi\u00f5es nos estados de MG, SP, ES e estados do Nordeste do pa\u00eds para comercializar seus produtos, de acordo com as necessidades dos clientes, no segmento de fundi\u00e7\u00e3o de pe\u00e7as em A\u00c7O, A\u00c7O LIGADO, A\u00c7O INOXID\u00c1VEL, FERRO BRANCO, FERRO CINZENTO e FERRO NODULAR.<\/p>\n<p style=\"text-align: Justify;\"><strong>OFERECE:<\/strong><br \/>\n-Suporte de engenharia;<br \/>\n-Folders;<br \/>\n-Brindes;<br \/>\n-Remunera\u00e7\u00e3o vari\u00e1vel a combinar.<\/p>\n<p><strong>EXIG\u00caNCIAS:<\/strong><br \/>\n-Experi\u00eancia comprovada na \u00e1rea comercial (apresentar carteira de clientes);<br \/>\n-Estrutura para visita\u00e7\u00e3o dos clientes (transporte\/telefone\/e-mail).<\/p>\n    <\/div>\r\n\r\n\r\n     [\/vc_column][\/vc_row][vc_row][vc_column]\r\n\r\n    <div id=\"tb-6a01ff0ae5fdb\" class=\"li-textblock         \"  >\r\n        \n<div class=\"wpcf7 no-js\" id=\"wpcf7-f234-o1\" lang=\"pt-BR\" dir=\"ltr\" data-wpcf7-id=\"234\">\n<div class=\"screen-reader-response\"><p role=\"status\" aria-live=\"polite\" aria-atomic=\"true\"><\/p> <ul><\/ul><\/div>\n<form action=\"\/index.php?rest_route=%2Fwp%2Fv2%2Fpages%2F228#wpcf7-f234-o1\" method=\"post\" class=\"wpcf7-form init\" aria-label=\"Formul\u00e1rios de contato\" enctype=\"multipart\/form-data\" novalidate=\"novalidate\" data-status=\"init\">\n<fieldset class=\"hidden-fields-container\"><input type=\"hidden\" name=\"_wpcf7\" value=\"234\" \/><input type=\"hidden\" name=\"_wpcf7_version\" value=\"6.1.5\" \/><input type=\"hidden\" name=\"_wpcf7_locale\" value=\"pt_BR\" \/><input type=\"hidden\" name=\"_wpcf7_unit_tag\" value=\"wpcf7-f234-o1\" \/><input type=\"hidden\" name=\"_wpcf7_container_post\" value=\"0\" \/><input type=\"hidden\" name=\"_wpcf7_posted_data_hash\" value=\"\" \/>\n<\/fieldset>\n<p><label> Seu nome (obrigat\u00f3rio)<br \/>\n<span class=\"wpcf7-form-control-wrap\" data-name=\"your-name\"><input size=\"40\" maxlength=\"400\" class=\"wpcf7-form-control wpcf7-text wpcf7-validates-as-required\" aria-required=\"true\" aria-invalid=\"false\" value=\"\" type=\"text\" name=\"your-name\" \/><\/span> <\/label>\n<\/p>\n<p><label> Seu e-mail (obrigat\u00f3rio)<br \/>\n<span class=\"wpcf7-form-control-wrap\" data-name=\"your-email\"><input size=\"40\" maxlength=\"400\" class=\"wpcf7-form-control wpcf7-email wpcf7-validates-as-required wpcf7-text wpcf7-validates-as-email\" aria-required=\"true\" aria-invalid=\"false\" value=\"\" type=\"email\" name=\"your-email\" \/><\/span> <\/label>\n<\/p>\n<p><label> \u00c1rea de interesse. (obrigat\u00f3rio)<br \/>\n<span class=\"wpcf7-form-control-wrap\" data-name=\"Telefone\"><input size=\"40\" maxlength=\"400\" class=\"wpcf7-form-control wpcf7-tel wpcf7-validates-as-required wpcf7-text wpcf7-validates-as-tel\" aria-required=\"true\" aria-invalid=\"false\" placeholder=\"seu telefone\" value=\"\" type=\"tel\" name=\"Telefone\" \/><\/span><br \/>\n<\/label><label> \u00c1rea de interesse. (obrigat\u00f3rio)<br \/>\n[text* \u00e1rea de interesse] <\/label>\n<\/p>\n<p><span class=\"wpcf7-form-control-wrap\" data-name=\"AnexarCurriculo\"><input size=\"40\" class=\"wpcf7-form-control wpcf7-file\" accept=\"audio\/*,video\/*,image\/*\" aria-invalid=\"false\" type=\"file\" name=\"AnexarCurriculo\" \/><\/span>\n<\/p>\n<p><input class=\"wpcf7-form-control wpcf7-submit has-spinner\" type=\"submit\" value=\"Enviar\" \/>\n<\/p><div class=\"wpcf7-response-output\" aria-hidden=\"true\"><\/div>\n<\/form>\n<\/div>\n\n    <\/div>\r\n\r\n\r\n     [\/vc_column][\/vc_row]<\/p>\n","protected":false},"excerpt":{"rendered":"<p>[vc_row][vc_column][\/vc_column][\/vc_row][vc_row][vc_column][\/vc_column][\/vc_row][vc_row][vc_column][\/vc_column][\/vc_row]<\/p>\n","protected":false},"author":1,"featured_media":0,"parent":0,"menu_order":0,"comment_status":"closed","ping_status":"closed","template":"","meta":{"footnotes":""},"class_list":["post-228","page","type-page","status-publish","hentry"],"_links":{"self":[{"href":"https:\/\/fundicaometalurgicafenix.com.br\/index.php?rest_route=\/wp\/v2\/pages\/228","targetHints":{"allow":["GET"]}}],"collection":[{"href":"https:\/\/fundicaometalurgicafenix.com.br\/index.php?rest_route=\/wp\/v2\/pages"}],"about":[{"href":"https:\/\/fundicaometalurgicafenix.com.br\/index.php?rest_route=\/wp\/v2\/types\/page"}],"author":[{"embeddable":true,"href":"https:\/\/fundicaometalurgicafenix.com.br\/index.php?rest_route=\/wp\/v2\/users\/1"}],"replies":[{"embeddable":true,"href":"https:\/\/fundicaometalurgicafenix.com.br\/index.php?rest_route=%2Fwp%2Fv2%2Fcomments&post=228"}],"version-history":[{"count":3,"href":"https:\/\/fundicaometalurgicafenix.com.br\/index.php?rest_route=\/wp\/v2\/pages\/228\/revisions"}],"predecessor-version":[{"id":235,"href":"https:\/\/fundicaometalurgicafenix.com.br\/index.php?rest_route=\/wp\/v2\/pages\/228\/revisions\/235"}],"wp:attachment":[{"href":"https:\/\/fundicaometalurgicafenix.com.br\/index.php?rest_route=%2Fwp%2Fv2%2Fmedia&parent=228"}],"curies":[{"name":"wp","href":"https:\/\/api.w.org\/{rel}","templated":true}]}}